 of t?
17
Suppose 0 = -2*q - 4, -4*u + 202 = -2*u - 4*q. What are the prime factors of u?
97
Suppose h = -h - 18. Let t = 4 - h. List the prime factors of t.
13
Let g(w) = -w**2 + 12. Let t be g(0). Suppose 6*d = 2*d + t. List the prime factors of d.
3
Let w be (-1)/5 - (-451)/5. Let f = -56 + w. What are the prime factors of f?
2, 17
Let o be ((-14)/(-4))/((-6)/12). Let g(h) = -h + 7. What are the prime factors of g(o)?
2, 7
List the prime factors of ((-6)/(-4) - 0)*44/2.
3, 11
Let w = 277 + 13. Let t be w/40 - (-3)/4. Suppose -6*n + t = -5*n. List the prime factors of n.
2
Suppose -3*c + 11 + 16 = 0. List the prime factors of 2/c - (-86)/18.
5
Let a(m) = -m**2 - 4*m + 4. Let b be a(-4). Suppose 26 = -2*x + b*x. What are the prime factors of x?
13
Let n be 4/(-6) - (-20)/3. Suppose 2*i - n = -0. Suppose -z = -i*z + 8. What are the prime factors of z?
2
Let v = 93 - 60. What are the prime factors of v?
3, 11
Let a be 5/15 + (-5)/(-3). Suppose 2*f = -d + 11 - 2, -a*d + 3 = -f. List the prime factors of f.
3
List the prime factors of (-60)/18*(-21)/2.
5, 7
Let n(a) = -a - 5. Let z(b) = 2*b + 10. Let l(x) = 5*n(x) + 3*z(x). Let w be l(0). What are the prime factors of 15/w - (-1 - 0)?
2
Let f = 7 - 2. Suppose f*o + a = -a + 31, 6 = 2*a. List the prime factors of o.
5
Let x(j) = -1. Let d(h) = h + 1. Let s(u) = -5*d(u) + x(u). What are the prime factors of s(-7)?
29
Let c(m) = -3*m**3 + m**2 + m. Let u be c(-1). Let s(v) = 0*v**u - 3*v**2 - 2*v - v**3 - 3 - v**3 + 3*v**3. What are the prime factors of s(4)?
5
Suppose 5*x - 3*k + 10 = 0, -3*x - k + 4 = -4*x. Let u = 2 + x. Suppose -5*r = -2*r - 4*j - 40, 5*r + u*j - 57 = 0. What are the prime factors of r?
2, 3
Let n(c) = -c + 8. What are the prime factors of n(-11)?
19
Suppose -k - 4*o + 45 = 2*k, 5*k - 5*o - 40 = 0. Let i = k + -15. Let d = i - -11. List the prime factors of d.
7
Let l(n) = n**3 + n + 4*n + 6 - 4*n - 2*n**3. List the prime factors of l(0).
2, 3
Let f(k) = -6 + 4 + 3*k + k**2 + k**2. Let m be f(2). Let a = m + 2. List the prime factors of a.
2, 7
Suppose 2*t - 20 + 106 = y, -74 = -y + 5*t. What are the prime factors of y?
2, 47
Suppose u + 11 = 6*u - 2*n, 14 = 5*u - 3*n. Let v(z) = -11*z + 3. Let h(l) = 12*l - 4. Let k(t) = -3*h(t) - 4*v(t). List the prime factors of k(u).
2
Suppose 0 = 4*h - 4*i - 104, 5*i = h - 2*h - 4. What are the prime factors of h?
3, 7
Let q = 5 + -3. Let t = 2 - q. Suppose t = 5*p - 2 - 8. List the prime factors of p.
2
Let x(q) be the third derivative of -q**6/40 - q**5/15 - q**4/24 - q**3/6 - 5*q**2. List the prime factors of x(-3).
47
Suppose 2*x - 102 = 532. List the prime factors of x.
317
Suppose -4*c = -p - 8 + 2, 0 = 2*p + 4*c - 36. List the prime factors of p.
2, 5
Suppose 2*f + 13 - 5 = 4*y, 0 = -2*f. Suppose 0 = 3*w - y*w - 11. List the prime factors of w.
11
Let h be (0 + (-183)/(-6))*2. What are the prime factors of 0 - (h - 1)/(-3)?
2, 5
What are the prime factors of 10/30 + (-134)/(-3)?
3, 5
Suppose h - 68 = -h. List the prime factors of h.
2, 17
Let f(t) be the second derivative of t**5/24 - t**4/8 - t**3/6 + t. Let d(g) be the second derivative of f(g). What are the prime factors of d(2)?
7
Suppose 3*q = q + 34. Suppose -r - 4*s = -s - q, -3*r + 4*s = -12. What are the prime factors of r?
2
Suppose -q = -3*q + 12. Suppose -3*b + q*b = 6. Suppose 28 = 3*f + 2*d - 0*d, -3 = b*f - 3*d. What are the prime factors of f?
2, 3
Suppose -s + 3*f - 23 = -2*f, 2*s - 2*f = -6. Suppose 17 = -2*o - s*c + 7*c, -o = 3*c - 19. What are the prime factors of o?
2
Let c = 8 - 5. Suppose -z + 5 = c. Suppose z*k + 9 = f, k = 4*k + 9. What are the prime factors of f?
3
List the prime factors of 34/4 + 2/(-4).
2
Let h = 6 - 2. Let a(o) = o**3 + 5*o**2 + 3*o - 4. Let t be a(-3). Suppose -t*v = -6*v + h. List the prime factors of v.
2
Suppose -2*s = -4*s + 16. Suppose 0 = -4*p + s + 8. What are the prime factors of p?
2
Suppose 5*h + 5*z - 313 = 4*h, 0 = -5*h + z + 1565. What are the prime factors of h?
313
Let m(b) = -b**2 - 2*b - 2. Let u be m(-2). Let c be u/(-4) - 17/(-2). What are the prime factors of (c/2)/(1/2)?
3
Suppose 3*u = 57 + 33. Suppose 4*k = -k + u. List the prime factors of k.
2, 3
Let m(u) = u. Let s be m(-2). What are the prime factors of 12/2 - -3 - s?
11
Let z be 57/9 - 2/(-3). Let v = -5 + z. List the prime factors of (-52)/(-14) + v/7.
2
Let c = 12 + -9. Suppose -r - k = -11, 0 = -c*r - k - 4*k + 33. List the prime factors of r.
11
Let d(q) = -q**3 - 16*q**2 - 17*q + 21. List the prime factors of d(-15).
3, 17
Suppose 4*g = 4*f + 140, -5*g + 4*f - 50 + 220 = 0. Suppose -i + 6*i + 2*v - 78 = 0, 83 = 5*i - 3*v. Let d = g - i. List the prime factors of d.
2, 7
Let i = -61 - -117. Suppose -4*o - z = -2*o - 22, z = 4*o - i. What are the prime factors of o?
13
Suppose -2*m + 2 - 22 = 0. What are the prime factors of (-2)/4 - 85/m?
2
Let b be (-2)/(-6)*-1*-3. Let l be -3 + 1 + 0/b. List the prime factors of l/9 - 101/(-9).
11
Let f(q) = 5 + 8*q - q - 4. Let c(b) = b**3 - 7*b**2 + 5*b + 8. Let y be c(6). List the prime factors of f(y).
3, 5
Let x(n) = 3*n**3 + 2*n - 1. Let a be x(1). Suppose 4 = a*i, -5*j - 3*i + 2 = -i. List the prime factors of (1 + j)/((-2)/(-14)).
7
Suppose -5*k + 57 + 158 = 0. List the prime factors of k.
43
Suppose 2*t = -2*b, 3*t - b - 24 = 4*b. Suppose t*o - o + 21 = 3*j, -3*j + 12 = -5*o. What are the prime factors of j?
3
Let f be 29*(3 + -2) + 1. Let o = f - 17. List the prime factors of o.
13
Suppose -253 = -3*n + 38. What are the prime factors of n?
97
Let z = -7 - -7. Suppose 0*d + 4*d - 40 = z. What are the prime factors of d?
2, 5
Let q(d) = 157*d**2 + d - 1. What are the prime factors of q(1)?
157
Suppose -3*h = k + 10 + 21, 5*h = 4*k - 46. Let x be 4/h - (-4)/10. Suppose m + 5 - 11 = x. What are the prime factors of m?
2, 3
Let q be 4/(4/5) - 2. Suppose q*j = 19 + 20. List the prime factors of j.
13
Let k = 790 - 494. List the prime factors of k.
2, 37
Let p(m) be the second derivative of m**3/3 + 3*m**2/2 - m. What are the prime factors of p(4)?
11
Let o(a) = a - 1. Let q(n) = -n**3 - 5*n**2 - n - 10. Let m(h) = -3*o(h) + q(h). What are the prime factors of m(-5)?
13
Suppose -3*i - 47 + 7 = 4*b, 40 = -4*b - 2*i. Let m = -72 - -49. Let a = b - m. What are the prime factors of a?
13
Suppose 4*i = 3*m + 381, 2*i = 6*i + m - 385. What are the prime factors of i?
2, 3
Let t = -231 - -546. What are the prime factors of t?
3, 5, 7
Let q(a) = -a**2 + 12*a + 1. List the prime factors of q(10).
3, 7
Let q be 2/((-2)/3) - -3. Suppose 4*w = -y - 31, -2*y - 3*y + 4*w - 35 = q. Let a = 30 + y. List the prime factors of a.
19
Suppose 35 = m + 4*p, m - p - 15 = 15. Let g = -18 + m. List the prime factors of g.
13
Suppose 155 + 5 = 5*t. What are the prime factors of t?
2
Suppose -4 = i, 2*i + 14 = -2*l + 5*l. Let f(x) = 2*x**2 - 7 - x**l - 2*x + 5*x. List the prime factors of f(-5).
3
Suppose -y = 2*y + 3*h - 915, 0 = -4*y - 3*h + 1217. What are the prime factors of y?
2, 151
What are the prime factors of 18/4*(-3844)/(-93)?
2, 3, 31
Suppose -3*x + 4*d = 9, 3*x - 2*x + 5*d = 16. What are the prime factors of x/(-3)*93*-1?
31
Let k(r) be the first derivative of -2*r**2 - 10*r - 2. Let b = -15 - -8. What are the prime factors of k(b)?
2, 3
Suppose u = -3*x - 9, 0 = u - 8*x + 3*x - 23. Suppose -9*m + 70 = -4*m. Let z = m - u. What are the prime factors of z?
11
Let n be ((-1)/(1/(-2)))/(-1). Let r = n - -4. Suppose -2*f - j = 2*j - 21, r*j = 4*f - 2. What are the prime factors of f?
3
Suppose -3 = -a - 25. Let y = a + 35. What are the prime factors of y?
13
Let r be (-55)/(-20) - (-2)/8. Let i(p) = -4*p - 7. Let b(d) = 2*d + 4. Let m(q) = r*i(q) + 5*b(q). List the prime factors of m(-2).
3
Let n(y) = -2*y - 1. Let w be ((-2)/(-6))/((-2)/42). What are the prime factors of n(w)?
13
Let v = 126 + -64. Let m = v - 41. What are the prime factors of m?
3, 7
Suppose 4*b = b + 12. Let o = 8 - b. List the prime factors of (12/18)/(o/18).
3
Let y(m) = -24*m - 7. List the prime factors of y(-5).
113
Let c = 1 + 4. Suppose c*s = -4*l + 14, s - 26 = 2*l + 3*l. What are the prime factors of s?
2, 3
Let c(g) = -3*g - 7. Suppose j + 10 = -0*j. What are the prime factors of c(j)?
23
Suppose 2*t = -2*t. Let j be (-2 + 0 - t) + -8. List the prime f